+ 351. What is the hundreds digit of p?
1
Let a be (-2 - 1) + 1 + -5 + 1. Let j(f) = 2*f**2 - 2*f - 29. What is the units digit of j(a)?
5
Suppose 7*n = 3*n + 20. Let b = n - 11. What is the units digit of (-1 + -1)*51/b?
7
What is the tens digit of -2 - 4/(-20)*-5 - -2691?
8
Suppose -22 = -q - 18. Suppose -q*v = -12*v + 664. What is the tens digit of v?
8
Let b = -4 - -188. What is the hundreds digit of b?
1
Let m = 6 + 4. Suppose -d + m = 3*v, -v + 5*v + d - 14 = 0. Suppose 0 = -g - 3*g + k + 191, 5*k + 187 = v*g. What is the tens digit of g?
4
Let n = 56 + -17. Suppose 21 = 4*d + c, 5*d + c = 4*c + n. Suppose 0 = o - d*o + 20. What is the units digit of o?
4
Suppose 5*s - 23 = 202. Suppose -47*d = -s*d - 56. What is the units digit of d?
8
What is the tens digit of -1 - (-529 + (-6)/2)?
3
Suppose -2*u = -5*m + 14777, 3*u = 4*m + 2*u - 11824. What is the hundreds digit of m?
9
Suppose 3*f - 4*f = 6550. What is the tens digit of (-2)/5 - f/125?
5
Let j(w) = -7*w**3 - w**2 - w + 7. Let g(l) = l**3 + l**2. Suppose -4 = -n + 5*n. Let s(o) = n*j(o) - 6*g(o). What is the tens digit of s(6)?
3
Let h(m) = -m - 2. Let n be h(-5). Suppose 2*x + i = 3*x - 95, -5*x = n*i - 515. What is the units digit of x?
0
Let g(y) = -19*y - 63. What is the tens digit of g(-9)?
0
Let v(z) be the second derivative of -z**3/2 + 5*z. Let n be v(-7). What is the tens digit of (-90)/n*(-8 - -1)?
3
Suppose 0 = 3*h + 2*h - 60. Suppose 4*x + h = 3*x. Let w = 18 + x. What is the units digit of w?
6
Let i(a) = 9*a + 54. Let y be i(-6). Suppose y = 6*j - 7*j + 57. What is the units digit of j?
7
Suppose 0 = 4*m, 2*m = -5*a + 6*m + 120. Suppose -5*i + 2*l + 515 = 0, -167 - 263 = -4*i - 2*l. Suppose a*p + i = 27*p. What is the units digit of p?
5
Suppose -97 = 2*c - 25. Let d = 13 - c. What is the tens digit of d?
4
Let q be (-4)/14 - (-48)/21. Suppose q*w - w - 62 = 0. What is the tens digit of w?
6
Let c = -43 + 206. What is the tens digit of c?
6
Suppose 0 = -m + 2*j + 142, j + 723 = 5*m + 4*j. What is the units digit of m?
4
Suppose 8*w = -2*w + 880. Let q = w - -52. What is the tens digit of q?
4
Suppose -2*p - 6 = -f, -f + 10 = -3*p - 1. Let g = p - -4. What is the units digit of (-14)/g + 2 + -3?
3
Suppose 4*l = -3*f + 37, -l = 4*f - 2*l - 24. Let y be (f/21)/(2/714). Suppose y = 6*b - 49. What is the tens digit of b?
2
Let j be (6 + -8)/(3 + -1). Let c(o) = 64*o**2 - 3*o - 2. What is the tens digit of c(j)?
6
Let l(g) = 119*g - 411. What is the tens digit of l(9)?
6
Let p(v) = -v**2 - 7*v + 4. Let w be p(-5). What is the tens digit of (-27)/63 + 776/w?
5
Let n(z) = z**2 - 19*z - 4. Let c be n(29). Suppose p = 4*f + 114, -4*p + 2*f + c = -212. What is the units digit of p?
6
Let q(l) = 8*l + 153. What is the tens digit of q(0)?
5
Let i = -114 + 216. Suppose -10*l - i = -13*l. What is the units digit of l?
4
What is the tens digit of (-54)/(-11) - 5 - 67280/(-44)?
2
Suppose 5*r - 3*f + f = 24, 3*r + f = 10. Let w be ((-2)/r)/((-6)/1944). What is the tens digit of w/15 - (-2)/10?
1
Suppose 0 = -5*w - 3*v + 12963, 5041 = -3*w - 5*v + 12822. What is the units digit of w?
2
Let n = 1013 + -405. Let c = n + -371. What is the tens digit of 5/(-15) - c/(-9)?
2
Let x = 194 - 53. What is the tens digit of x?
4
Let w = -25 - -28. Suppose q - 6 = -w*q + r, 0 = -4*q - 4*r + 16. Suppose -l = q*l - 63. What is the units digit of l?
1
Suppose -4*w + 5 = -3, 2*b = -2*w + 7982. What is the units digit of b?
9
Let n(f) = -f**3 + 8*f**2 + 9*f + 1. Let r = 1 + 8. Let l be n(r). Suppose -l = 2*j - 9. What is the units digit of j?
4
Suppose 0 = -3*o + 2*d + 178 + 126, 5*o - 3*d = 507. What is the tens digit of o?
0
Let y(t) = -t + 18. Let u = -181 - -170. What is the units digit of y(u)?
9
Suppose 0 = 3*b - 96 - 183. Suppose 0 = -3*w - 3*v + b, -v + 4*v + 62 = 2*w. What is the units digit of w?
1
Suppose 16 = -4*l, 2*r - l + 16 = 2*l. Let g be (-12)/r*(-14)/2. What is the units digit of (-338)/g - 1/3?
6
What is the tens digit of (7/21)/(0 + 3/2853)?
1
Let h(m) be the second derivative of m**3/2 - m**2 - 3*m. What is the tens digit of h(15)?
4
What is the thousands digit of (-59016)/(-24) - 3*-3?
2
Let j(v) = -52*v - 4. Let u be j(-5). Let p be 2/3 + 822/9. Suppose -p + u = 4*n. What is the tens digit of n?
4
Suppose 0 = 2*i - 5*f + 13, -2*i + 16 = -i + 5*f. Suppose -3*r = c - i + 2, -3*r = 4*c + 13. What is the units digit of r?
1
Let z = 51 + 65. Let q be (-2 - 6*1)/(-2). Suppose q*m + 20 = z. What is the units digit of m?
4
Let k(d) be the second derivative of 6*d + 7/2*d**2 + 1/3*d**3 - 1/20*d**5 + 0 + 2/3*d**4. What is the units digit of k(8)?
3
Let r = -63 + 217. What is the hundreds digit of r?
1
Let r be (-20)/(-9) + (-2)/9. Let h(t) = 4*t + 0*t + r*t - 14 - 2*t. What is the units digit of h(6)?
0
Suppose -6*p = -3066 - 4632. What is the units digit of p?
3
Let m(p) = -4*p - 1 + 2*p**2 + 0*p + 0*p**2 - 10. What is the tens digit of m(5)?
1
Suppose -j + 1033 = 3*l, -12*j - 5*l = -8*j - 4146. What is the thousands digit of j?
1
Suppose 118*c - 196650 - 96344 = 0. What is the units digit of c?
3
Let b = -71 + 161. Suppose -95*p + 310 = -b*p. What is the tens digit of p?
6
Suppose 4*s = 3*w - 12, -w + 2*s = -s - 4. Suppose w*n - 42 = n. Suppose n + 20 = f. What is the tens digit of f?
3
Suppose 3 + 0 = -c. What is the units digit of (14/(-10))/(c/15)?
7
Let v(x) = 4*x**2 + 18*x - 6. Let z be v(-5). What is the tens digit of (-83)/(z/(-8)*(-2)/(-4))?
3
Suppose 2 = -3*l - 22. Let c = -6 - l. What is the units digit of c/(1*(-2)/(-59))?
9
Suppose 0 = 11*z - 15*z + 12. Suppose 6*j - 2*j = 100. Suppose 3 = z*s, 4 - j = -2*h - s. What is the units digit of h?
0
Let k be -4*(-10)/25 - 2/(-5). What is the units digit of k/(-3)*105/(-14)?
5
Let l(v) = -v**2 + 16*v - 8. Let a(u) = 2*u**2 - 5*u - 6. Let d be a(4). What is the units digit of l(d)?
2
Let i be (-4)/12 - 52/(-12). Suppose 0*b = -i*b - v + 334, -b + 4*v + 92 = 0. What is the tens digit of b?
8
Let g be 9*20/(-15) - 3. Let f = 18 + 11. Let v = g + f. What is the tens digit of v?
1
Let v(c) = c. Let z be v(7). Let w(k) = -5 + 1 + 2*k**2 - 2*k**2 - k**2 + 11*k. What is the tens digit of w(z)?
2
Let m(p) = -50 + 7*p + 12*p + 51. Let v(h) = -h**2 + 7*h - 5. Let o be v(6). What is the tens digit of m(o)?
2
Let d(i) = i**3 - 5*i**2 + 7*i - 10. Let k be (-92)/(-22) - 8/44. Let o be d(k). What is the units digit of 36/(-1 + 1 + o)?
8
Let k(c) = -c**3 - 3*c**2 + 2*c - 1. Let i be k(-4). Suppose 13 + i = 5*y. What is the units digit of y + 1/(-2)*6?
1
Suppose 14*w - 25263 - 2037 = 0. What is the thousands digit of w?
1
Suppose v - 5*g = 231 + 101, 2*g - 652 = -2*v. Suppose 9*a - 195 = v. What is the tens digit of a?
5
Let w(o) = 2*o**3 - o. Let a be w(-1). Let r be -2 - a*(-2 + 4). Suppose -2*c - 2 = r, -n + c + 29 = -c. What is the tens digit of n?
2
What is the tens digit of 52/26 - (-916 - -2)?
1
Suppose s - 2 = 1. Suppose -b + s*z = 11, 2*z + 0 - 6 = b. Let n(t) = t - 3. What is the units digit of n(b)?
1
Let w(m) = 3*m**3 - 3*m**2 + m + 5. Let y = -64 - -67. What is the tens digit of w(y)?
6
What is the units digit of ((-64)/(-8) + -42)*75/(-6)?
5
Suppose -4*y + 4*o = y - 661, 2*o + 264 = 2*y. Let b = 263 - y. What is the tens digit of b?
3
Suppose 2*v - 10 = -3*l + l, -15 = 4*l - 3*v. Let n = 23 - 17. Suppose 2*m + m + n = l, 78 = r - m. What is the tens digit of r?
7
Suppose 13*k = 9*k - 4. Let n be 4/10 - 51/15. What is the tens digit of (k - 28)*(2 + n)?
2
Let f(y) be the first derivative of 8*y**3/3 + 2*y**2 + y + 9. What is the units digit of f(2)?
1
What is the tens digit of (2 - -6)*(340/8)/5?
6
Suppose -3*s - 5501 = p + 6545, -2*s - 8012 = -4*p. What is the units digit of ((-5)/((-30)/s))/(-3)?
3
Let p = -2394 + 2436. What is the units digit of p?
2
Let v be (14 + 0)*(0 + 1/2). What is the units digit of 3/v - 13528/(-56)?
2
Suppose -y + 36 - 31 = 0. Suppose -c - 86 = -g + 4*c, y*c = 2*g - 167. What is the tens digit of g?
8
Suppose 3*s + 3 = 15. Let r(m) = m**3 + 9*m**2 + 12*m + 3. Let f be r(-6). Suppose 3*t + s*y - 2*y = f, 5*y = -t. What is the tens digit of t?
1
Suppose -4 = 2*n - 2*c - 3*c, -n = 5*c - 13. Suppose 0 = a - 4*t + 17, -n*a + 30 = 4*t + 1. What is the units digit of a?
3
Let d be (4/(-5))/((-4)/30). What is the ten